or of 10 and n.
10
Let h = -266 + 268. Let m be (-2)/(-2)*(0 - -2). Calculate the greatest common factor of m and h.
2
Let q(o) = -o + 2. Let m be q(-2). Let y be m/(-4)*3 + 1. Let l be 4 + -7 - 16/y. Calculate the highest common factor of 25 and l.
5
Suppose 0 = 14*c - 37*c + 1334. What is the greatest common divisor of c and 58?
58
Suppose 6*m = 5*m - 2. Let n = m + -2. Let w = 0 - n. What is the greatest common factor of w and 36?
4
Let a(m) = 2*m**3 - m**2 + 1. Let z be a(-2). Let r = z + 47. Calculate the highest common divisor of r and 14.
14
Let u be (-4872)/(-54) + 12/(-54). What is the highest common divisor of u and 10?
10
Suppose -98 = -5*i - 2*a, -11*i + 4*a = -7*i - 56. Suppose 0 = -5*g + 383 + 67. What is the greatest common factor of i and g?
18
Let n be -1 - (2 + 3 + -9 + 3). Let f(c) = -c + 10. Let o be f(n). Let a be (10/8)/((-1)/(-8)). What is the greatest common divisor of a and o?
10
Suppose 4*i + k = 91, -2*k + 50 = 7*i - 5*i. Let t be (102/(-24) + 5)/(2/176). Calculate the highest common divisor of i and t.
22
Suppose 0 = -5*o + 195 + 105. Suppose o = 15*c - 9*c. What is the greatest common divisor of c and 25?
5
Let n be (4 - -18)/((-6)/(-12)). Calculate the greatest common divisor of 264 and n.
44
Let s = 12 - 50. Let a = s - -285. Calculate the highest common divisor of a and 19.
19
Let l(g) = 2*g**3 + 19*g**2 + 5*g - 23. Let h be l(-9). Suppose 4*s - 39 = s. Calculate the highest common divisor of h and s.
13
Let m = -837 - -867. What is the highest common divisor of 380 and m?
10
Suppose -5*t - 4*r + 772 = 0, -2*r - r = 5*t - 769. Suppose -2*a + t = -a. Calculate the highest common divisor of a and 19.
19
Suppose 0 = -118*v + 75*v + 3354. What is the highest common factor of 1443 and v?
39
Let a be 15/(45/(-6)) + 48/3. What is the greatest common factor of a and 35?
7
Let y = -531 + 756. Calculate the greatest common divisor of y and 45.
45
Suppose -7*q + 5*q = 4, 0 = 4*w - q - 1226. Calculate the greatest common divisor of w and 34.
34
Let r(y) = 3*y**2 - 2*y + 2. Let m be r(2). Let k be (-30)/4*((-320)/30 + 6). What is the greatest common divisor of m and k?
5
Let j be (2/(-4))/((-4)/(-72)). Let k be 6/(-9)*j/2. Let w be (-30)/(-2*k/4). Calculate the greatest common factor of 5 and w.
5
Suppose 0 = x - 0*x - 2. Suppose 48 = x*o + 12. Suppose -2*u - 1 + 75 = -q, -q = -4*u + 146. Calculate the greatest common factor of u and o.
18
Let j(t) = 7*t - 1 + 32*t**2 + 23 - 31*t**2. Let x be j(-11). Calculate the greatest common divisor of 6 and x.
6
Let r = 698 + -656. Suppose 6*c - 3*c = -4*a + 183, 0 = -3*a. Suppose -9 = -5*p + c. Calculate the highest common factor of r and p.
14
Suppose -389 = -5*n + 3*v, -3*n - 231 = -6*n + 3*v. What is the greatest common factor of n and 1264?
79
Let f be 1/3 + 11/3. Suppose -a = f*a. Suppose -5*r = -a*r - 40. Calculate the greatest common divisor of r and 40.
8
Suppose 3*c - 126 = 4*r, r = -2 - 1. Let j = 232 + -137. What is the highest common factor of c and j?
19
Suppose g - 5 = 12. Suppose -12 = 3*v, 2*z + 2*v - g - 15 = 0. What is the greatest common factor of 8 and z?
4
Suppose -5*q + 2*t + 35 = 0, -4*q = -3*q + t. Suppose -42 = -7*w + q*w. Calculate the greatest common divisor of w and 14.
7
Suppose -w - 5*i + 133 = 0, 216 = 3*w + 4*i - 183. Let t be -19*1*(0 - 1). Let n = t - 0. Calculate the highest common divisor of w and n.
19
Let y(i) = i + 9. Let p be y(-8). Let l(c) = c**3 + 8*c**2 - c - 11. Let b be l(-8). Let m be b*(1 - 12/9). What is the highest common divisor of p and m?
1
Let f = -643 - -742. What is the highest common divisor of f and 11?
11
Suppose -10*y - d + 26 = -7*y, 3*y - 4*d - 31 = 0. Calculate the greatest common divisor of 22 and y.
1
Let l be ((-1)/3)/(5/(-135)). Let k(r) = r - 6. Let w be k(l). Suppose -w*i + 90 - 12 = 0. Calculate the highest common factor of 39 and i.
13
Suppose 7*s = 16 + 488. What is the highest common divisor of s and 27?
9
Let h = -7 + 10. Suppose 2 = f, 0 = 4*x - 3*f + 4*f - 10. Calculate the greatest common divisor of x and h.
1
Suppose 0 = -3*t + 185 + 307. What is the greatest common factor of 123 and t?
41
Suppose -2*n - 11 = -3*j, 0 = 4*j + 4*n - 0 - 28. Suppose j + 0 = m. Let v = 4 + 6. Calculate the highest common factor of m and v.
5
Suppose -2*o - 4 = -0, 0 = -4*k - o - 14. Let r(u) = -u**3 + 2*u**2 + 3*u - 8. Let t be r(k). Calculate the greatest common factor of t and 4.
4
Suppose 0 = 489*t - 505*t + 1344. What is the highest common divisor of t and 483?
21
Suppose 0 = 19*w - 481 - 507. What is the greatest common divisor of 143 and w?
13
Suppose 4*n + 5*v - 5 = 0, -4*n - 2 = -3*v + 1. Suppose n = 17*l - 13*l - 36. Suppose -2*q = -4*q + 180. Calculate the greatest common divisor of l and q.
9
Let h be 6/(-2 - -3) - 3. What is the greatest common factor of 14 and h?
1
Let i = 469 - 444. What is the greatest common divisor of 65 and i?
5
Let y = 20 - -4. Suppose 3*i = o - 10, -2*o + 4*i - 4 = -y. Calculate the highest common factor of o and 15.
5
Let n(t) = -5 + 3 + 1 + t. Let j(d) = d - 5. Let l(m) = -j(m) + 2*n(m). Let g be l(3). What is the highest common divisor of g and 30?
6
Let u be ((-1225)/(-105))/((-2)/(-18)) + -5. Calculate the greatest common divisor of u and 800.
100
Suppose d - 83 = 5*h, h + 8 = 13. What is the highest common divisor of d and 60?
12
Let w(q) = q + 4. Let j be w(4). Suppose 4*k + y = 165, -3*k + 105 = -y - 2*y. Calculate the highest common factor of k and j.
8
Let f be 4/(-8)*7*(-80)/35. Let v be (189/(-6))/(-3)*f/14. Let s = -3 - -5. What is the greatest common factor of s and v?
2
Let q(i) = -i - 15. Let c be q(0). Let l(t) = 8*t - 33. Let y be l(8). Let w = c + y. Calculate the greatest common factor of w and 32.
16
Let o(a) = 21*a - 330. Let r be o(23). Calculate the greatest common divisor of r and 27.
9
Let z be ((-4)/4)/(-1) - (-3)/(-3). Let p(c) = c**2 - 2*c + 104. Let w be p(z). What is the greatest common factor of 26 and w?
26
Let x be (-60)/(-45) + (-1000)/(-6). Calculate the greatest common divisor of x and 264.
24
Let g(j) = -22*j + 75. Let k be g(-22). What is the greatest common divisor of 13 and k?
13
Suppose -23*r + 300 = 2*r. What is the highest common divisor of r and 648?
12
Suppose -24 = -m + 7. Let r = 97 - 85. Suppose r = 5*h - u, 2*h - m + 10 = -5*u. Calculate the highest common factor of h and 2.
1
Let q be ((-244)/10)/(25/(-125))*8. What is the highest common factor of 16 and q?
16
Suppose a - 135 = -3*g, 4 = -2*g - 5*a + 107. What is the highest common divisor of 176 and g?
44
Let q = -65 - -71. Suppose -a + 0*a + 1 = 0. Calculate the highest common factor of a and q.
1
Let i be ((-80)/(-48))/(4/84). What is the highest common divisor of i and 21?
7
Let l(w) = 5*w**3 + 76*w**2 - 7*w - 31. Let a be l(-15). What is the greatest common divisor of a and 13?
13
Let u = -110 + 215. What is the highest common divisor of u and 15?
15
Let u = 124 + -122. Suppose u*k - 63 - 17 = 0. Calculate the highest common factor of 120 and k.
40
Let q be 1/((-4)/(40/(-5))). Let c(f) = f**2 + 7*f - 1. Let o be c(-8). Suppose g + o - 15 = 0. What is the greatest common factor of q and g?
2
Let p = 33 + 27. Suppose p*d = 62*d - 58. What is the highest common divisor of 29 and d?
29
Suppose 9*o = 4*o - 5. Let h = -2 - o. Let u(k) = 170*k**2 + k + 2. Let q be u(h). Calculate the greatest common divisor of 19 and q.
19
Let n(h) = 2*h**2 - 3*h - 4. Let j be n(3). Suppose 4*b = 119 + 41. What is the greatest common factor of j and b?
5
Suppose -k - 4*k - y + 345 = 0, -4*k = y - 277. Calculate the greatest common divisor of k and 85.
17
Suppose -5*f = 2*w - 126, 3*w = -5*f + 37 + 92. Let g = 26 - f. What is the greatest common factor of 4 and g?
2
Let x = -137 + 139. Suppose 3 + 37 = -2*r. Let b = r - -28. Calculate the greatest common divisor of b and x.
2
Suppose -86*c + 468 = 38. Calculate the highest common factor of 5 and c.
5
Suppose 20 - 17 = -h. Let f = -16 - -31. Let i = h + f. Calculate the greatest common divisor of 132 and i.
12
Let i = 88 + -39. What is the highest common factor of i and 56?
7
Suppose 5*k = 0, 2*c - 21 = 4*k + 13. Let i = c + -13. Suppose 3*t + 5*w = 5*t - 60, -98 = -i*t - w. Calculate the greatest common factor of t and 50.
25
Let x be (2 + 5)*((-23)/7 - -5)